 12?
True
Does 58 divide 1276?
True
Is 71 a factor of 3692?
True
Does 13 divide 86?
False
Is 12 a factor of 156?
True
Is 5400 a multiple of 40?
True
Is 1350 a multiple of 54?
True
Does 15 divide 21360?
True
Is 29 a factor of 638?
True
Does 48 divide 31008?
True
Is 2028 a multiple of 13?
True
Does 20 divide 2820?
True
Does 22 divide 1518?
True
Is 2268 a multiple of 36?
True
Is 15300 a multiple of 17?
True
Is 280 a multiple of 42?
False
Does 56 divide 116704?
True
Is 27 a factor of 270?
True
Is 14 a factor of 6065?
False
Does 4 divide 193?
False
Does 14 divide 1526?
True
Is 31 a factor of 1217?
False
Is 18 a factor of 1220?
False
Is 4449 a multiple of 27?
False
Is 67 a factor of 58357?
True
Is 551 a multiple of 29?
True
Is 54 a factor of 4266?
True
Is 6 a factor of 30531?
False
Is 56 a factor of 2928?
False
Does 84 divide 1092?
True
Does 5 divide 285?
True
Is 689 a multiple of 13?
True
Is 14525 a multiple of 83?
True
Does 85 divide 5780?
True
Does 39 divide 162?
False
Is 47 a factor of 799?
True
Is 20335 a multiple of 83?
True
Does 16 divide 50?
False
Is 21 a factor of 9260?
False
Is 4895 a multiple of 22?
False
Is 21 a factor of 3759?
True
Is 13 a factor of 9136?
False
Does 32 divide 2672?
False
Is 15 a factor of 795?
True
Is 6 a factor of 6603?
False
Is 116 a multiple of 9?
False
Is 46 a factor of 6992?
True
Does 12 divide 43789?
False
Does 6 divide 229?
False
Is 19761 a multiple of 15?
False
Is 7 a factor of 796?
False
Does 49 divide 10788?
False
Is 57 a factor of 45429?
True
Is 3157 a multiple of 77?
True
Does 14 divide 1050?
True
Does 17 divide 23177?
False
Does 24 divide 864?
True
Does 29 divide 6722?
False
Is 1840 a multiple of 20?
True
Is 407 a multiple of 11?
True
Does 7 divide 236?
False
Does 20 divide 160?
True
Does 44 divide 12056?
True
Is 69 a multiple of 3?
True
Does 59 divide 10797?
True
Is 12654 a multiple of 19?
True
Is 19 a factor of 551?
True
Does 147 divide 3856?
False
Is 38 a factor of 6498?
True
Does 9 divide 342?
True
Does 19 divide 2147?
True
Does 7 divide 9912?
True
Does 38 divide 912?
True
Does 16 divide 80?
True
Is 8 a factor of 11789?
False
Is 11 a factor of 323?
False
Is 3 a factor of 336?
True
Is 10 a factor of 1030?
True
Is 36 a factor of 3132?
True
Is 41850 a multiple of 54?
True
Is 1646 a multiple of 4?
False
Is 41 a factor of 446?
False
Does 2 divide 2046?
True
Is 4556 a multiple of 26?
False
Is 20 a multiple of 20?
True
Does 10 divide 3600?
True
Does 10 divide 2243?
False
Does 37 divide 25541?
False
Does 26 divide 2106?
True
Is 14 a multiple of 14?
True
Is 18 a factor of 26334?
True
Is 7539 a multiple of 21?
True
Does 30 divide 390?
True
Is 2800 even?
True
Is 100 a factor of 2452?
False
Is 3058 a multiple of 73?
False
Is 59 a factor of 638?
False
Is 34 a factor of 3382?
False
Is 117 a factor of 20664?
False
Does 43 divide 1129?
False
Is 49 a factor of 294?
True
Is 21 a factor of 9114?
True
Does 82 divide 574?
True
Is 23 a factor of 19136?
True
Is 32076 a multiple of 8?
False
Does 52 divide 1768?
True
Is 74 a factor of 99?
False
Is 115 a factor of 15292?
False
Is 46 a factor of 811?
False
Does 13 divide 50220?
False
Does 106 divide 1590?
True
Is 2 a factor of 102?
True
Is 2508 a multiple of 38?
True
Is 924 a multiple of 3?
True
Is 26424 a multiple of 4?
True
Is 5562 a multiple of 18?
True
Is 19244 a multiple of 68?
True
Does 11 divide 135?
False
Does 96 divide 498?
False
Is 75735 a multiple of 394?
False
Is 70 a factor of 490?
True
Is 3 a factor of 1488?
True
Does 2 divide 37?
False
Is 2 a factor of 350?
True
Is 259 a multiple of 7?
True
Is 3164 a multiple of 7?
True
Is 8 a factor of 160?
True
Is 1911 a multiple of 147?
True
Is 124 a factor of 5828?
True
Does 5 divide 41?
False
Is 8 a factor of 351?
False
Does 10 divide 121?
False
Is 25 a factor of 43447?
False
Does 64 divide 1024?
True
Does 10 divide 2380?
True
Does 10 divide 850?
True
Does 10 divide 4480?
True
Is 40 a factor of 4215?
False
Is 8 a factor of 233?
False
Is 459 a multiple of 6?
False
Is 159 a factor of 3339?
True
Is 953 a multiple of 89?
False
Does 28 divide 4767?
False
Is 9 a factor of 23331?
False
Is 2705 a multiple of 7?
False
Is 57753 a multiple of 27?
True
Does 10 divide 2310?
True
Is 250 a multiple of 11?
False
Is 134 a factor of 7121?
False
Does 103 divide 31294?
False
Does 38 divide 124?
False
Does 9 divide 89125?
False
Is 19952 a multiple of 13?
False
Is 13825 a multiple of 88?
False
Is 262 a multiple of 40?
False
Does 79 divide 3792?
True
Is 54524 a multiple of 19?
False
Is 1794 a multiple of 23?
True
Is 151 a factor of 35032?
True
Is 6763 a multiple of 75?
False
Is 568 a multiple of 23?
False
Does 7 divide 77?
True
Is 89552 a multiple of 160?
False
Is 32344 a multiple of 52?
True
Is 2828 a multiple of 14?
True
Is 39039 a multiple of 21?
True
Is 4 a factor of 1018?
False
Is 5 a factor of 73637?
False
Is 114 a factor of 2815?
False
Is 7198 a multiple of 3?
False
Is 1118 a multiple of 16?
False
Is 661 a multiple of 20?
False
Is 1302 a multiple of 42?
True
Is 5300 a multiple of 30?
False
Is 9 a factor of 73203?
False
Is 7 a factor of 969?
False
Is 57 a factor of 988?
False
Does 13 divide 132548?
True
Does 14 divide 188115?
False
Does 45 divide 360?
True
Is 156 a multiple of 13?
True
Does 67 divide 804?
True
Is 7 a factor of 903?
True
Is 1740 a multiple of 15?
True
Is 13611 a multiple of 39?
True
Is 462 a multiple of 29?
False
Is 45604 a multiple of 13?
True
Is 15 a factor of 30764?
False
Does 19 divide 13678?
False
Does 12 divide 49080?
True
Is 20460 a multiple of 121?
False
Is 5 a factor of 187?
False
Does 22 divide 11211?
False
Does 48 divide 6096?
True
Is 18 a factor of 180?
True
Is 347 a multiple of 2?
False
Is 30370 a multiple of 31?
False
Is 57 a factor of 32002?
False
Is 13 a factor of 195?
True
Does 83 divide 501?
False
Does 68 divide 1121?
False
Does 134 divide 938?
True
Is 39 a factor of 11222?
False
Is 18 a factor of 41184?
True
Does 22 divide 414?
False
Is 5913 a multiple of 93?
False
Is 93 a factor of 25575?
True
Is 3783 a multiple of 39?
True
Does 131 divide 1894?
False
Is 716 a multiple of 78?
False
Is 7419 a multiple of 19?
False
Is 10 a factor of 393?
False
Is 17614 a multiple of 17?
False
Is 26 a factor of 25402?
True
Is 8 a factor of 304?
True
Is 212 a multiple of 51?
False
Is 830 a multiple of 48?
False
Does 16 divide 1793?
False
Is 100 a factor of 21569?
False
Is 168 a multiple of 14?
True
Is 142 a multiple of 16?
False
Is 3224 a multiple of 4?
True
Does 65 divide 3835?
True
Does 18 divide 14545?
False
Is 60 a factor of 960?
True
Is 2955 a multiple of 11?
False
Is 127 a factor of 36163?
False
Does 83 divide 8300?
True
Is 185 a multiple of 5?
True
Is 12 a factor of 445?
False
Does 7 divide 647?
False
Does 3 divide 333?
True
Is 2700 a multiple of 30?
True
Does 47 divide 838?
False
Is 1898 a multiple of 13?
True
Does 22 divide 7216?
True
Does 13 divide 1482?
True
Is 12 a factor of 216?
True
Is 10 a factor of 419?
False
Is 11 a factor of 3333?
True
Is 76 a factor of 4278?
False
Is 7 a factor of 1127?
True
Does 87 divide 7788?
False
Does 19 divide 2184?
False
Is 2131 a multiple of 8?
False
Is 4 a factor of 274?
False
Is 156 a factor of 4056?
True
Does 9 divide 423?
True
Is 119 a factor of 29740?
False
Is 38 a factor of 2392?
False
Does 132 divide 24794?
False
Is 33 a factor of 6532?
False
Is 1140 a multiple of 38?
True
Is 124173 a multiple of 243?
True
Does 14 divide 2030?
True
Is 44 a factor of 2103?
False
Does 115 divide 13235?
False
Is 8162 a multiple of 14?
True
Is 693 a multiple of 21?
True
Is 20412 a multiple of 54?
True
Is 16 a factor of 52048?
True
Does 5 divide 1116?
False
Does 5 divide 70680?
True
Does 50 divide 1800?
True
Is 26 a factor of 1122?
False
Is 4868 a multiple of 12?
False
Does 10 divide 1522?
False
Is 324 a multiple of 6?
True
Does 7 divide 1169?
True
Is 466 a multiple of 56?
False
Does 23 divide 19320?
True
Does 137 divide 10960?
True
Does 15 divide 613?
False
Is 13 a factor of 51415?
True
Is 20 a factor of 2340?
True
Is 5 a factor of 2480?
True
Is 32809 a multiple of 109?
True
Is 19 a factor of 22971?
True
Does 49 divide 68600?
True
Is 150 a multiple of 50?
True
Does 25 divide 18801?
False
Is 28008 a multiple of 9?
True
Is 9 a factor of 456?
False
Does 14 divide 1032?
False
Is 702 a multiple of 5